{"id":1440,"date":"2023-05-19T20:04:12","date_gmt":"2023-05-19T18:04:12","guid":{"rendered":"https:\/\/paragliding-ossiachersee.at\/?page_id=1440"},"modified":"2023-07-18T12:28:07","modified_gmt":"2023-07-18T10:28:07","slug":"terms","status":"publish","type":"page","link":"https:\/\/paragliding-ossiachersee.at\/en\/terms\/","title":{"rendered":"Terms &#038; Conditions"},"content":{"rendered":"\n  <section class=\"about-section about--style page-wrapper-two\">\n    <div class=\"container\">\n      <div class=\"row justify-content-center mb-30-none\">\n                <div class=\"col-xl-5 col-sm-8 mb-30\">\n          <div class=\"about-thumb\" data-aos=\"fade-right\" data-aos-duration=\"1200\">\n            <img decoding=\"async\" src=\"https:\/\/paragliding-ossiachersee.at\/wp-content\/uploads\/2023\/06\/xandi1-1024x1024.jpg\" srcset=\"https:\/\/paragliding-ossiachersee.at\/wp-content\/uploads\/2023\/06\/xandi1-1024x1024.jpg 1024w, https:\/\/paragliding-ossiachersee.at\/wp-content\/uploads\/2023\/06\/xandi1-300x300.jpg 300w, https:\/\/paragliding-ossiachersee.at\/wp-content\/uploads\/2023\/06\/xandi1-320x320.jpg 320w, https:\/\/paragliding-ossiachersee.at\/wp-content\/uploads\/2023\/06\/xandi1-10x10.jpg 10w, https:\/\/paragliding-ossiachersee.at\/wp-content\/uploads\/2023\/06\/xandi1-600x600.jpg 600w, https:\/\/paragliding-ossiachersee.at\/wp-content\/uploads\/2023\/06\/xandi1-100x100.jpg 100w, https:\/\/paragliding-ossiachersee.at\/wp-content\/uploads\/2023\/06\/xandi1.jpg 1800w\" sizes=\"(max-width: 1920px) 100vw, 1920px\" alt=\"Fallschirmspringer \u00fcber See\">\n                      <\/div>\n        <\/div>\n                <div class=\"offset-xl-1 col-xl-6 col-lg-6 mb-30\">\n          <div class=\"about-content wysiwyg\" data-aos=\"fade-left\" data-aos-duration=\"1200\">\n                          <span class=\"sub-title text--base\">\n                                              <\/span>\n              <h2 class=\"title\">Legal notices<\/h2>\n            \n            <p>Mit Annahme dieses Flugscheines durch den Passagier wird zwischen dem Passagier und Profly ein Luftbef\u00f6rderungs\u00advertrag abgeschlossen. Auf diesen Vertrag ist \u00f6sterreichisches Recht anzuwenden.<\/p>\n<p>Zur Deckung der Anspr\u00fcche des Passagiers wurde eine Haftpflicht\u00adversicherung auf die f\u00fcr die gewerbliche Personenbef\u00f6rderung in \u00d6sterreich gesetzlich festgelegte Versicherungssumme (\u20ac\u00a0363.000 f\u00fcr Personensch\u00e4den, \u20ac\u00a01.800 f\u00fcr Sachsch\u00e4den) abgeschlossen.<\/p>\n<p>Weiters wurde eine Unfallversicherung f\u00fcr den Fall des Todes oder der dauernden Erwerbsunf\u00e4higkeit des Fluggastes (Versicherungssumme: \u20ac\u00a040.000) abgeschlossen.<\/p>\n<p>Ein Versicherungs\u00adnachweis \u00fcber die aufrechte Versicherung ist in den Luftfahrzeugen mitzuf\u00fchren.<\/p>\n<p>Wir weisen darauf hin, dass es beim Paragleiten etwa beim Starten oder Landen, durch Stolpern oder Fehlverhalten auch zu Unf\u00e4llen kommen kann. Wir sind bem\u00fcht, dieses Risiko so gering wie m\u00f6glich zu halten. Der Passagier ist daher verpflichtet, beim Start, bei der Landung und w\u00e4hrend des Fluges die Anweisungen des beauftragten Piloten zu befolgen und best\u00e4tigt seine gute k\u00f6rperliche und geistige Verfassung.<\/p>\n<p>Zur Deckung der Anspr\u00fcche des Passagiers nach den Haftungs\u00adbestimmungen des \u00f6sterreichischen Luftfahrt\u00adgesetzes, etwa bei einem Unfall, haben wir die erforderliche Versicherung bei der AXA Versicherung AG abgeschlossen.<\/p>\n<p>Mitgef\u00fchrte Gegenst\u00e4nde (insbesondere Brillen, Kameras, Mobiltelefone und andere Wertgegenst\u00e4nde sowie Geld) m\u00fcssen ordnungsgem\u00e4\u00df befestigt bzw. verstaut werden. F\u00fcr Abhanden\u00adkommen oder Besch\u00e4digung k\u00f6nnen wir keine Haftung \u00fcbernehmen.<\/p>\n<p>Die vorgesehene Flugroute, vorgesehene Landepl\u00e4tze und Flugzeiten k\u00f6nnen jederzeit \u2013 insbesondere aus Sicherheits\u00adgr\u00fcnden oder betrieblichen Gr\u00fcnden \u2013 abge\u00e4ndert werden, ohne dass dem Passagier hieraus ein Anspruch auf Schaden\u00adersatz entsteht.<\/p>\n<p>Das Team rund um Xandi w\u00fcnscht einen sch\u00f6nen Flug!<\/p>\n\n            \n                                  <\/div>\n        <\/div>\n      <\/div>\n    <\/div>\n  <\/section>\n\n","protected":false},"excerpt":{"rendered":"","protected":false},"author":1,"featured_media":0,"parent":0,"menu_order":17,"comment_status":"closed","ping_status":"closed","template":"","meta":{"_acf_changed":false,"footnotes":""},"class_list":["post-1440","page","type-page","status-publish","hentry"],"acf":[],"_links":{"self":[{"href":"https:\/\/paragliding-ossiachersee.at\/en\/wp-json\/wp\/v2\/pages\/1440","targetHints":{"allow":["GET"]}}],"collection":[{"href":"https:\/\/paragliding-ossiachersee.at\/en\/wp-json\/wp\/v2\/pages"}],"about":[{"href":"https:\/\/paragliding-ossiachersee.at\/en\/wp-json\/wp\/v2\/types\/page"}],"author":[{"embeddable":true,"href":"https:\/\/paragliding-ossiachersee.at\/en\/wp-json\/wp\/v2\/users\/1"}],"replies":[{"embeddable":true,"href":"https:\/\/paragliding-ossiachersee.at\/en\/wp-json\/wp\/v2\/comments?post=1440"}],"version-history":[{"count":2,"href":"https:\/\/paragliding-ossiachersee.at\/en\/wp-json\/wp\/v2\/pages\/1440\/revisions"}],"predecessor-version":[{"id":1442,"href":"https:\/\/paragliding-ossiachersee.at\/en\/wp-json\/wp\/v2\/pages\/1440\/revisions\/1442"}],"wp:attachment":[{"href":"https:\/\/paragliding-ossiachersee.at\/en\/wp-json\/wp\/v2\/media?parent=1440"}],"curies":[{"name":"wp","href":"https:\/\/api.w.org\/{rel}","templated":true}]}}

<section class="about-section about--style page-wrapper-two">
    <div class="container">
      <div class="row justify-content-center mb-30-none">
                <div class="col-xl-5 col-sm-8 mb-30">
          <div class="about-thumb" data-aos="fade-right" data-aos-duration="1200">
            <img decoding="async" src="https://paragliding-ossiachersee.at/wp-content/uploads/2023/06/xandi1-1024x1024.jpg" srcset="https://paragliding-ossiachersee.at/wp-content/uploads/2023/06/xandi1-1024x1024.jpg 1024w, https://paragliding-ossiachersee.at/wp-content/uploads/2023/06/xandi1-300x300.jpg 300w, https://paragliding-ossiachersee.at/wp-content/uploads/2023/06/xandi1-320x320.jpg 320w, https://paragliding-ossiachersee.at/wp-content/uploads/2023/06/xandi1-10x10.jpg 10w, https://paragliding-ossiachersee.at/wp-content/uploads/2023/06/xandi1-600x600.jpg 600w, https://paragliding-ossiachersee.at/wp-content/uploads/2023/06/xandi1-100x100.jpg 100w, https://paragliding-ossiachersee.at/wp-content/uploads/2023/06/xandi1.jpg 1800w" sizes="(max-width: 1920px) 100vw, 1920px" alt="Fallschirmspringer über See">
                      </div>
        </div>
                <div class="offset-xl-1 col-xl-6 col-lg-6 mb-30">
          <div class="about-content wysiwyg" data-aos="fade-left" data-aos-duration="1200">
                          <span class="sub-title text--base">
                                              </span>
              <h2 class="title">Legal notices</h2>
            
            <p>Mit Annahme dieses Flugscheines durch den Passagier wird zwischen dem Passagier und Profly ein Luftbeförderungs­vertrag abgeschlossen. Auf diesen Vertrag ist österreichisches Recht anzuwenden.</p>
<p>Zur Deckung der Ansprüche des Passagiers wurde eine Haftpflicht­versicherung auf die für die gewerbliche Personenbeförderung in Österreich gesetzlich festgelegte Versicherungssumme (€ 363.000 für Personenschäden, € 1.800 für Sachschäden) abgeschlossen.</p>
<p>Weiters wurde eine Unfallversicherung für den Fall des Todes oder der dauernden Erwerbsunfähigkeit des Fluggastes (Versicherungssumme: € 40.000) abgeschlossen.</p>
<p>Ein Versicherungs­nachweis über die aufrechte Versicherung ist in den Luftfahrzeugen mitzuführen.</p>
<p>Wir weisen darauf hin, dass es beim Paragleiten etwa beim Starten oder Landen, durch Stolpern oder Fehlverhalten auch zu Unfällen kommen kann. Wir sind bemüht, dieses Risiko so gering wie möglich zu halten. Der Passagier ist daher verpflichtet, beim Start, bei der Landung und während des Fluges die Anweisungen des beauftragten Piloten zu befolgen und bestätigt seine gute körperliche und geistige Verfassung.</p>
<p>Zur Deckung der Ansprüche des Passagiers nach den Haftungs­bestimmungen des österreichischen Luftfahrt­gesetzes, etwa bei einem Unfall, haben wir die erforderliche Versicherung bei der AXA Versicherung AG abgeschlossen.</p>
<p>Mitgeführte Gegenstände (insbesondere Brillen, Kameras, Mobiltelefone und andere Wertgegenstände sowie Geld) müssen ordnungsgemäß befestigt bzw. verstaut werden. Für Abhanden­kommen oder Beschädigung können wir keine Haftung übernehmen.</p>
<p>Die vorgesehene Flugroute, vorgesehene Landeplätze und Flugzeiten können jederzeit – insbesondere aus Sicherheits­gründen oder betrieblichen Gründen – abgeändert werden, ohne dass dem Passagier hieraus ein Anspruch auf Schaden­ersatz entsteht.</p>
<p>Das Team rund um Xandi wünscht einen schönen Flug!</p>

            
                                  </div>
        </div>
      </div>
    </div>
  </section>
